derivative of 5*b**4/12 + 5*b**3/3 - 5*b**2 - 122*b + 2. What is m(1)?
5
Let d(n) = -n + 51. Let k = 35047 - 35006. Determine d(k).
10
Let t(m) = 0 - m**2 - 6 - 1 - 6*m. Let u(v) be the first derivative of -7*v**2 - 160*v + 27. Let f be u(-11). Give t(f).
-7
Let s(i) = -269*i**2 - 37*i - 83. Let m(l) = -168*l**2 - 25*l - 55. Let v(n) = -8*m(n) + 5*s(n). Calculate v(17).
-9
Suppose -3*w = -3, 13*v + 5*w = 8*v + 5. Let r(a) = v - 11 + a**2 + 10*a + 12 + 16. What is r(-7)?
-4
Let j(g) = -g**3 + 6*g**2 - 2*g + 8. Suppose -5*u + 33 - 8 = 0. Suppose 4*n - 30 = -2*b, -2*b - 3 = u*n - 41. Suppose 0*v - n*v + 48 = 0. Calculate j(v).
-4
Suppose 8*u - 8 = 32. Suppose 4*m - 58 = -u*n, 2*m + 40 = 5*m + 2*n. Let b(h) = -4 + 6*h + 4*h**2 + h**3 + m*h**2 + 2*h**2 - 11*h**2. Give b(-6).
-4
Let k(t) = -7 - 40 - 35 + 105 - 37 - 2*t. Give k(-11).
8
Suppose -20*x + 364 = 164. Let s(c) = c**2 + 3*c - 133. Calculate s(x).
-3
Let g(i) be the first derivative of 5*i + 107 - 13/2*i**2 + 1/3*i**3. Calculate g(11).
-17
Let w(a) = -a**2 + a + 8. Let s(t) = -t**3 - 6*t**2 + 2*t + 21. Let i be s(-6). Suppose -5*f = -r, -5*r + i*r - f = 0. Calculate w(r).
8
Let x(z) = 4*z - 2. Let j be x(3). Let o(a) be the third derivative of 3 + 4/3*a**3 + 0*a - 1/24*a**4 + 3*a**2. Calculate o(j).
-2
Let p(n) = -5*n - 2. Let q(a) = 12*a + 4. Let f(o) = -5*p(o) - 2*q(o). Suppose u + 20 = 2*d - u, 3*d - 2*u = 32. Let j be 22/d + 6/(-252)*-7. Determine f(j).
4
Let s be 2/(-6)*(372/(-217))/((-4)/98). Let t(y) = -y**2 - 15*y - 34. Determine t(s).
-20
Let c(a) = 3*a + 0*a**3 - a**3 + 49768*a**2 - 49766*a**2. Let t = -2 - -3. Suppose 0 = -3*f + t + 8. Give c(f).
0
Suppose 5*n - 2*g + 10 = 8*n, 3*n = 2*g - 10. Let m(j) = -4*j + 3. Let b(w) = 2*w - 1. Let i(q) = 5*b(q) + 3*m(q). Give i(n).
4
Let s be ((-23 - -1)/(-3 + 2))/(41 + -43). Let g(z) = -z - 8. Calculate g(s).
3
Let x be 0 + (-12)/(-9)*-3 + 12. Let c(i) = 2 - 2 - 5 + x*i + 2. Calculate c(2).
13
Let i(t) = 156 + 149 + 12*t - 630 + 175. What is i(13)?
6
Let i(u) = -u**2 + 0*u**2 + 2*u + u - u**3. Let v = 99 - 101. Let p be (3 - -3)*1/v. What is i(p)?
9
Let i(l) be the second derivative of -l**5/20 - l**4/6 + 5*l**3/6 - 4*l**2 + 49*l - 23. Determine i(0).
-8
Let z(s) = -s - 11. Let q be (-2 - 15) + -19 + 13. Determine z(q).
12
Let l be -2*3 + (-30)/45*-9. Let h(a) = -a**3 + 3*a**2 - a - 2. Give h(l).
-2
Let c be (-375)/(-55) + (-1)/11*-2. Let w(h) = -2*h + 7. What is w(c)?
-7
Let v(u) be the first derivative of -u**6/360 - 13*u**5/120 - 2*u**4/3 + 6*u**3 + 169. Let s(o) be the third derivative of v(o). Calculate s(-11).
6
Let i be 143/11 + 4 + -5. Let m(r) = -3*r - 8. Let u(g) = 4*g + 7. Let q(h) = 5*m(h) + 4*u(h). Let c be q(i). Let w(t) = -t**2 + t - 18. Calculate w(c).
-18
Let n(r) = -24*r + 4*r + 43*r**2 - 77*r**2 + 23*r**2 + 23*r**2 - r**3. What is n(10)?
0
Let v(i) = 5*i**2 - i - 7. Let z(h) = h**2 - h - 1. Let o(c) = -v(c) + 6*z(c). Let b(l) = -l**3 - 3*l**2 + 12*l + 1. Let n be b(2). Determine o(n).
1
Let v(u) = 3*u - 1. Let h be (0/(-2) + 0)/2. Let l(q) = h*q - q - 48 + 50. Let o be l(-2). Calculate v(o).
11
Let l(g) = -g**2 - 6*g - 7. Suppose -34*q + 403 = -q + 601. Determine l(q).
-7
Let c(g) be the second derivative of 13/6*g**3 - 2 - 5*g**2 - 23*g - 1/12*g**4. Give c(12).
2
Let n(u) = -4*u + 4354 - 4356 + 2*u + 3*u. Suppose -14*i + i = -0*i. Determine n(i).
-2
Let w(n) be the second derivative of -3*n**3/2 - 5*n**2 + 57*n. Let b(k) = -18*k - 22. Let l(g) = -4*b(g) + 9*w(g). What is l(2)?
-20
Let y(o) = o**2 - 4. Suppose 50 = -5*v - 85. Let q be 6/(-27) - 438/v. Let h(t) = -t + 19. Let b be h(q). What is y(b)?
5
Suppose 3*x = 5*x - 10. Let q(u) = -u**3 + 2 + 5*u**2 - 20*u + 18*u - 1 + 1. Give q(x).
-8
Let x(j) = j + 5. Suppose -22*h - 1376 = -26*h. Let p = h + -232. Let m = 108 - p. What is x(m)?
1
Let h(s) = 5*s**3 - 18*s**2 + 166*s - 126. Let x(t) = 3*t**3 - 13*t**2 + 110*t - 84. Let v(m) = 5*h(m) - 8*x(m). Give v(-17).
25
Let t(q) be the first derivative of -q**3/3 - 5*q**2 + 15458. Determine t(7).
-119
Let c(j) = -387*j - 11 + 721*j - 339*j + 7*j**2 - j**3. Determine c(6).
-5
Let o(a) = -2 - 2*a - a**2 - 2 + 2*a**2 + a**2. Let b = 130 - 124. Suppose -b*r + 151 = 133. Determine o(r).
8
Let r(w) = w**3 + 6*w**2 + 3*w - 2. Let b be r(-5). Let u(i) = -12*i - 2. Let d be (-7)/(4/20*-5). Let n(a) = -4*a + 1. Let t(y) = d*n(y) - 2*u(y). Give t(b).
-21
Suppose -22*j + 395 = 131. Let t(d) = d**2 - 12*d + 26. What is t(j)?
26
Let z be ((-2)/3)/((60/99)/(-10)). Let a(c) = 16*c**3 + 26*c**2 - 26*c + 6. Let l(x) = -3*x**3 - 5*x**2 + 5*x - 1. Let u(w) = z*l(w) + 2*a(w). Calculate u(-4).
5
Let t(y) = -y**3 + 12*y**2 + 12*y - 23. Let k(n) = n**2 - 75*n - 837. Let h be k(85). Determine t(h).
-36
Let q(b) = b**3 + 39*b**2 - 39*b + 31. Let r(f) = 60*f - 1780. Let h be r(29). Calculate q(h).
-9
Let g(p) be the third derivative of p**5/30 - 3*p**4/8 + 3*p**3/2 + 2840*p**2. Give g(8).
65
Suppose 1 + 1 = -w + 5*z, -10 = -5*w + 5*z. Suppose w*f + 34 = 43. Let r(k) = -k - 6*k + 5 + k - 2. What is r(f)?
-15
Let x(r) = 17*r**2. Suppose -312 = -46*g - 358. Determine x(g).
17
Let h(b) be the first derivative of b**4/4 + 11*b**3/3 + b**2 + 7*b + 842. Determine h(-11).
-15
Let p(g) = 2*g**3 - 3*g**2 - 61*g + 13. Let r be p(-5). Let y(o) = 8 + 3 - 6*o - o**2 - 1. Give y(r).
3
Let z(a) = 3*a**3 - 60*a**2 + 48*a - 106. Let p(y) = -y**3 + 20*y**2 - 18*y + 35. Let b(f) = -17*p(f) - 6*z(f). Determine b(21).
-22
Let t be (-4)/(-10)*(-38 - -23). Let o(w) be the second derivative of -w**3/3 + w**2 - 38*w. Calculate o(t).
14
Let p(s) be the second derivative of 7*s**4/12 - 25*s**3/3 + 18*s**2 + 8131*s. Give p(6).
-12
Let z(x) be the first derivative of x**4/4 - 7*x**3/3 - 5*x**2/2 + 4*x - 1787. What is z(7)?
-31
Let c(l) = 4 - 16*l + 46*l - 28*l - 3*l**2 + l**2. Suppose 17 = 4*j - 0*n - 5*n, 3*j + 4*n = 5. Give c(j).
-8
Suppose 0 = -3*z - 5*c - 10, 13*z - 10*z + c = -2. Let t(p) = 1. Let q(l) = -l - 7. Let u(s) = -q(s) + t(s). What is u(z)?
8
Let g = -5575 + 11151/2. Let r(t) be the first derivative of 7 + 12*t + g*t**2. What is r(-7)?
5
Suppose 3*l + 1 = 2*f - 8, -4*l - 4 = 0. Suppose h - f - 33 = -2*v, 3*h - 5*v - 130 = 0. Suppose -7*c = -3*c + h. Let u(r) = -r - 1. Determine u(c).
9
Let f = -96 + 100. Suppose f*a + 385 = 7057. Let p(x) = -a + 1678 + 0*x - x. Determine p(5).
5
Suppose 4*n - 5 = -d - 0*d, 4*n = -2*d + 6. Let c = n + 5. Let o(r) = r - 13. Let z(f) = 2*f - 29. Let b(g) = -9*o(g) + 4*z(g). What is b(c)?
-5
Let z(f) = f**2 + 4*f - 30. Let y be -1 - ((-19)/209*-22)/((-4)/(-18)). Determine z(y).
30
Let y(w) = -w**2 + 6*w + 3. Let c(j) = -1 - 2*j**2 - 37*j + 29*j + j**2 - 7 + 0*j**2. Let z be c(-6). Calculate y(z).
11
Suppose 5*b + 25 = -5*o, 37 - 45 = 2*o + 3*b. Let r(g) = g**2 - 4 - 4*g + 11*g - 2. Give r(o).
-6
Suppose -17*c - 12*c + 3327 = 3327. Let y(n) = n**3 + 2*n**2 - n - 5. What is y(c)?
-5
Let h(n) = -n**3 + 8*n**2 - 6*n - 1. Let c be 1 - (-2)/(-3) - 49/147. Suppose c = 6*p - 5*p - 7. Let d be h(p). Let u(f) = f**2 - 7*f + 7. What is u(d)?
1
Let h(q) = -23*q**2 - q - 30. Let a(b) = 13*b**2 + 18. Let f(m) = 5*a(m) + 3*h(m). Give f(-2).
-10
Let z(f) = -f**3 - 9*f**2 - 6*f - 9. Let d = -3852 + 3844. Calculate z(d).
-25
Suppose -157*t = -155*t - 192. Let o(l) = -3 + 4*l + 84*l**2 + 2 - t*l**2 - 5*l. Determine o(-1).
-12
Let n(c) = c**3 + 14. Let q(l) = -7*l. Let u be q(1). Let p be (21/18)/u - (-62)/12. Suppose -w - 8 = 2*x, 12 = 2*x - p*x. Calculate n(w).
14
Let i(j) = -4*j + 7. Let b(s) = 3*s - 6. Let d(m) = m + 18. Let h be d(-12). Let k be (40/(-12))/(h/9). Let r(n) = k*b(n) - 4*i(n). Give r(-4).
-2
Let a(x) = x**3 + 7*x**2 + 5*x - 5. Let q be 150/20*(-38)/(-3). Suppose 13*t = 17 - q. What is a(t)?
1
Let h(f) = -9*f**2 - 1. Let g(b) = 62*b**2 - 8*b + 26. Let i(c) = -g(c) - 7*h(c). Determine i(5).
46
Let i(w) = 5*w**3 + 7*w**2 - 6*w + 11. Let d(o) = -o**3 - o**2 + o - 2. Suppose -y + 4*c + 1 = 0, 3 = 3*y - c + 4*c. Let l(h) = y*i(h) + 6*d(h). Calculate l(2).
-5
Suppose x = 5*u + 59, -2*x + 12*u + 118 = 8*u. Let i = x + -61. Let j(c) = 2*c - 3. Determine j(i).
-7
Let z be (-4)/(-24) + ((-58)/(-12) - -1). Suppose -9*c - 30 = 3*a - z*c, -a - 15 = 2*c. Let r(w) = -w**2 - 6*w - 1. What is r(a)?
4
Let q(h) be the first derivative of -h**3 - 2*h**2 +